 12. Let g be z(5). Let y = g - 3. What is x(y)?
-4
Let o(n) = n**3 + 33. Suppose -8*l = -3*l. Give o(l).
33
Let t(r) = 5*r - 8. Suppose -44 = 10*c - 6*c. Let d(j) = 3 + 9 - 9*j + 3. Let i(x) = c*t(x) - 6*d(x). Give i(4).
-6
Let c(p) = -5 + 4 - 2 - p. Let x be (2/(-2) - -12) + 1. Suppose -s - 3*s = -x. Calculate c(s).
-6
Let n(w) be the second derivative of -w**3/3 - 3*w**2 - 5*w. Calculate n(6).
-18
Let v(s) = -5*s**2 - 4*s + 9. Let z(k) = -k**2. Let j(d) = 18*d**2 + 4*d - 10. Let g(p) = j(p) + 12*z(p). Let b(y) = 4*g(y) + 5*v(y). Determine b(-5).
0
Let r(a) = -3*a - 4. Suppose 5*l + 5 = -5*f, 4*f - 4*l = 5*f - 11. Calculate r(f).
11
Let q(g) = -g**2 - 5. Let f = -53 + 53. Calculate q(f).
-5
Let p(k) = -2*k**2 - 2*k**2 - 2*k**2 - 1 + 3*k**2 - 2*k. Give p(-2).
-9
Suppose -2*n + 24 = 2*n. Suppose -w - w - 12 = 4*h, n = -5*w - 4*h. Let s(j) = -2*j**w - 1 - 3 - 7*j + j**2. Determine s(-6).
2
Let g(v) = v**3 + 4*v**2 - 5*v - 6. Let q be (-1715)/315 + (-8)/(-18). Calculate g(q).
-6
Let y(z) = -z**2 - 9. Suppose 4*g - 1 = 11. Suppose -2*b = i, -b + g*i = i. Determine y(b).
-9
Let v be (8/(-10))/((-2)/(-5)). Let w(r) = 1. Let u(o) = 2*o + 5. Let f(j) = u(j) - 5*w(j). Give f(v).
-4
Let q(i) = i - 5. Let t(v) = -v + 4. Let l be t(-2). What is q(l)?
1
Let j(r) = -r**2 - 20*r - 1. Let y be j(-20). Suppose 3*u + 2 = -2*u + 3*p, p - 10 = -3*u. Let a(i) = 0 - 7*i**2 - 2*i - 1 - u*i**2. Determine a(y).
-8
Let v(b) = 7 - 8*b + 2 + 3. Let z(k) = -2*k + 3. Let p(i) = 2*v(i) - 9*z(i). What is p(3)?
3
Let y(s) be the third derivative of s**9/60480 - s**8/4032 - s**7/630 + s**6/144 - 7*s**5/60 + 5*s**2. Let z(j) be the third derivative of y(j). Determine z(6).
-7
Suppose 3*y - 31 = -4*j, -33 = -j - 5*y - 4. Let l(o) = 1 - 3*o + 4*o - 3*o - j. What is l(-2)?
1
Let c be 0*(3 + -3 + 1). Let s(l) = c*l + 5*l - l - 3*l + 1. Determine s(5).
6
Let z(g) = g**3 - 2*g**2 + g + 1. Suppose -6*f = -2*f + 8. Suppose 0 = -5*k - m + 17, 5 + 13 = 3*k - 2*m. Let q = k + f. What is z(q)?
3
Let r = -4 + 2. Let k(z) = -z**2 + 6*z + 5. Let i(f) be the second derivative of f**4/3 - 19*f**3/6 - 8*f**2 + 3*f. Let b(u) = -2*i(u) - 7*k(u). Calculate b(r).
1
Suppose 2*h + x = 22, h - 26 = -h - 3*x. Suppose 0 = 5*d - 5 + h. Let a(j) = -6*j. What is a(d)?
6
Let v(y) = -y**3 + 5*y**2 + y - 7. Let c be v(5). Let f(m) = -4 + 1 - 1 + 6 + 5*m. Determine f(c).
-8
Let o(j) = 8*j**2 + 0*j - 4*j**2 - j**3 + 2 - 5*j + 2*j**2. What is o(5)?
2
Let c(u) = u**2 + 5*u - 4. Let l(t) = t - 1. Let b be l(2). Let j(k) = -7*k**2 - 1. Let f be j(b). Let n be f/12 + 20/(-6). Determine c(n).
-8
Let u(v) = 2*v**2 + 8*v - 1. Let o(w) = -w**2 - w. Let i(q) = -3*o(q) - u(q). Calculate i(6).
7
Let q = 12 - 10. Suppose f - q*f = -5. Let l(j) = 3*j - 5. What is l(f)?
10
Let t be ((-1)/3)/(6/(-180)). Let s(y) = y**2 - 10*y + 2. Let f be s(t). Let q(w) = 2*w**2 + w + 2. Calculate q(f).
12
Let m = -13 + 18. Suppose 3*q - 4*q - 3*y + 17 = 0, -3*y + 25 = m*q. Let f(p) = -q + 1 - 1 - p**2 - p - 7*p. Determine f(-5).
13
Let z(v) = v**3 - 1. Suppose 3*r - 10 + 1 = 0, -19 = -5*t - 3*r. Let u be ((-1)/t)/((-3)/6). Calculate z(u).
0
Let s(d) = -d + 6. Let o be ((-5 + 4)/(4/32))/(-1). What is s(o)?
-2
Let a(f) = -6*f - 1. Let m(h) = h. Let o(x) = a(x) + 5*m(x). Give o(5).
-6
Let k = -158 + 164. Let l = -5 + 10. Let m(y) = 5 - y**2 - l - 6 + 6*y. Calculate m(k).
-6
Suppose -6*v + 4*b = -3*v + 20, 0 = 4*v + 2*b + 12. Let c(l) = l**3 + 3*l**2 - 6*l - 2. Calculate c(v).
6
Let f(h) = h - 1. Let v = 1 + -5. Let i(c) = -2*c**3 - 2*c**2 - c + 7. Let j(b) = v*f(b) - i(b). Calculate j(-2).
-5
Let f(u) = -u**2 + 7*u + 2. Let t be ((-1)/3)/(2/(-42)). Let w be f(t). Let d(i) = i**3 - 2*i**2 + i + 2. Calculate d(w).
4
Let y(f) be the third derivative of -f**7/2520 - f**6/180 - f**5/20 - 4*f**2. Let w(p) be the third derivative of y(p). Determine w(-3).
2
Let o(p) = -10*p**3 + p. Suppose 4 - 8 = -l. Suppose 0 = l*h + f - 0*f - 1, 0 = -5*f + 25. Calculate o(h).
9
Let l(o) = -24 - 9 + 36 + o. What is l(-4)?
-1
Let p(j) = j**3 - 5*j**2 + 6. Let k(c) = c**2 - 3*c - 3. Let a be k(5). Suppose a - 2 = d. Give p(d).
6
Suppose 15 = -5*f + 2*f + 3*a, 2*f + 8 = 4*a. Let p(j) = -4*j + 12. Let d be p(4). Let h = f - d. Let u(x) = 4*x + 3. What is u(h)?
-5
Let k(h) = 15 + 11*h - 6*h + h - 4*h. Give k(-12).
-9
Let g = 11 - 9. Suppose -3*i - u + 5*u = 0, i = g*u. Let a(w) = w - 2. Calculate a(i).
-2
Let i(f) be the third derivative of 3*f**5/20 - f**3/6 - 8*f**2. Let z be 2/3 + (-2)/(-6). Give i(z).
8
Let j(f) = 6*f**3 + 4*f**2 - 5*f - 1. Let i(g) = 7*g**3 + 5*g**2 - 6*g. Let w(c) = 5*i(c) - 6*j(c). Calculate w(0).
6
Let t(a) = 4*a + 6. Let s(g) = 5*g + 7. Let n(v) = 2*s(v) - 3*t(v). Give n(-6).
8
Let x(a) be the third derivative of a**5/60 + a**4/8 + a**3/3 - 6*a**2 - 15. Let q = 0 - 3. What is x(q)?
2
Let h = 0 - 0. Let m(y) = y - 6. Let x(r) be the first derivative of -r**2/2 + 5*r - 2. Let q(d) = -3*m(d) - 2*x(d). Give q(h).
8
Let b(n) = n**2 - 5*n + 4. Suppose 2*d + 0*d + r - 7 = 0, 2*d - 2*r = 4. Give b(d).
-2
Let d(a) = a - 1. Let v be (-3 + 8/2)*0. Suppose -u = -v*u - 5. Determine d(u).
4
Let w(m) = m. Let f(n) = 3*n + 4. Let o(r) = -f(r) + 4*w(r). Suppose d - 2*h = 5*d, 0 = -5*h. Let k(i) = i. Let v be k(d). Calculate o(v).
-4
Suppose 2*b = -2*b + 8. Suppose -l = -5*l. Let h(a) = -a**b + l*a**2 + 4*a + a**3 + 6*a**2 - 2. Calculate h(-4).
-2
Let z(p) be the second derivative of -p**5/120 + p**4/24 + p**3 + 5*p. Let w(v) be the second derivative of z(v). Give w(4).
-3
Let k(h) = 4 - 3*h - 4 - 4. Let a be 4 + -1 - (-8)/8. Suppose a*y + 0 = -12. What is k(y)?
5
Suppose -7*g + 3 = -3*g - 5*d, d - 11 = -5*g. Let t(q) = -q**2 + q - q**3 + 4 + g*q**2 - 2*q. Calculate t(0).
4
Let g(s) = s**3 - 8*s**2 - 2*s + 9. Let i = 69 - 61. Give g(i).
-7
Let l(k) = -k**2 - 7*k - 4. Suppose i + 0*i = -4*q - 25, q - 4*i = 15. Give l(q).
6
Let m(a) = -a**3 - 5*a**2 - 4*a + 1. Suppose -2*g - 3*g = 35. Let x = 5 + g. Let t be x/(-4)*4 - 5. What is m(t)?
-5
Let n(x) be the second derivative of -x**5/30 - 5*x**4/24 - x**3/3 + x**2/2 + 5*x. Let u(o) be the first derivative of n(o). Give u(-3).
-5
Let z = -6 + 1. Let v(j) = j**3 + 6*j**2 + j - 5. What is v(z)?
15
Let h(k) = 3*k - 9. Let a(n) = 0 + 4*n - 5 - 3. Let b(z) = 4*a(z) - 5*h(z). Determine b(-6).
7
Let z(h) be the third derivative of h**6/120 + h**5/15 + h**4/6 + h**3/6 - 2*h**2. Let t = 5 - 8. Calculate z(t).
-2
Let n(b) be the third derivative of -b**5/60 - b**4/6 + 5*b**3/6 - 4*b**2. Give n(-4).
5
Let h(z) = 3*z - z**2 + 12 - 6 + z**3 + z - 5*z**2. Let y(a) = a**3 - a**2 + 2*a - 3. Let o be y(2). Give h(o).
1
Let t(y) = y**3 + 6*y**2 + 7*y + 4. Let v be 148/(-18) - (-6)/27. Let k be 2 + 1*(v + 2). Calculate t(k).
8
Let z(w) = -w**2 - 2*w**2 + 2*w**2 - 6*w - 8. Let x be z(-6). Let o(p) = -p**2 - 7*p + 4. Let c be o(x). Let s(u) = -2*u - 6. Calculate s(c).
2
Let n(b) = 2*b - 27. Let w(y) = -y + 13. Let h(a) = 3*n(a) + 7*w(a). Calculate h(7).
3
Let k(x) = -x**3 - 8*x**2 + x - 5. Let s(v) = v**3 + 9*v**2 - 2*v + 5. Let i(h) = -5*k(h) - 4*s(h). What is i(-4)?
-7
Let v(i) be the third derivative of i**5/60 - 7*i**4/24 - i**3 - 10*i**2. Determine v(8).
2
Let v(h) = -h**3 + 4*h**2 + 5*h + 5. Let x(b) = b**2 + b - 4. Let f be x(0). Let t be f/6*6/(-4). Suppose -3*w + t = -14. Give v(w).
5
Let l = -7 + 4. Let q(r) be the first derivative of r**2/2 - 3*r + 2. Let y(t) = -1. Let m(z) = q(z) - 2*y(z). Determine m(l).
-4
Let c(k) = -5*k**3 + 7*k**2. Let h(n) = 4*n**3 - 7*n**2 - n + 1. Let b(x) = -5*c(x) - 6*h(x). What is b(-6)?
-6
Let p(d) = d**3 + d**2 - 5*d - 4. Suppose 0 = -2*a, -2*k - 3 - 3 = -3*a. Determine p(k).
-7
Let i(t) = 4*t - 5 + 3 + t**2 + 9 - 1. Give i(-4).
6
Suppose 3*h - 15 = 0, 3*t = 2*h + 1 + 4. Let s(m) = -m**2 + 2*m + 2. What is s(t)?
-13
Suppose 4 = -4*o - 48. Let l = 24 + o. Let i(r) = l + 3*r + r - 2*r - 4. What is i(-5)?
-3
Let s(c) = -4*c**3 - 13*c**2 + 8*c + 1. Let r(z) = z**3 + z**2 - 1. Let o(n) = 5*r(n) + s(n). What is o(7)?
3
Let f(v) = -v**2 + 6*v + 16. Let z be f(8). Let c(d) = -d**2 - d + 1. Let p(i) = 5*i**2 + 4*i - 14. Let x(b) = 4*c(b) + p(b). Give x(z).
-10
Let d(h) = -3*h**3 - h**2 + 1. Let s be (-4)/26 + (-45)/(-39). Give d(s).
-3
Let p = 5 + -5. Let h(w) = w. Let c = 18 - 9. Let q(k) = 2*k + 1. 